.
67
Suppose 2*v = -3*h + 5*v - 9, 3*v - 9 = 4*h. Let d be h/(-1 - (-2 + 2)). List the prime factors of (0 + d)/(-5) - -37.
37
Let t be (-11 - -8)/(6/(-4)). Suppose 130 - 42 = t*k. List the prime factors of k.
2, 11
Let j(y) = 3*y - 30. Let k be j(5). Let c(b) = b**3 + 17*b**2 - 3*b - 26. Let f be c(k). Suppose 0 = -11*p + 1998 - f. List the prime factors of p.
139
Let z = 766 - 412. Let v be z/(-9) + 2/(-3). What are the prime factors of -2 + 0 + (3 - v)?
41
Let d(i) = 478*i + 4641. List the prime factors of d(20).
11, 1291
Let o = -33 + 16. Let a = o - -21. Suppose -130 = -a*m - 22. What are the prime factors of m?
3
Let w(p) = -46*p**3 - 2*p + 9. Let u(k) = k**3 - 16*k - 3. Let g be u(4). What are the prime factors of w(g)?
3, 419
Suppose -3*f = -d + 16, -d + 4*f = -0*f - 20. Suppose -111 = -d*y + 309. Let c = y - 62. List the prime factors of c.
43
Let t(i) = -i**3 - 5*i**2 + 11*i - 4. Let s(v) = v**3 + v - 1. Let c(a) = -s(a) + t(a). Let p be c(6). List the prime factors of (2/(-2))/(1*3/p).
5, 37
Suppose -632*t - 1854 = -635*t. Suppose -4*k + t = -1470. List the prime factors of k.
2, 3, 29
What are the prime factors of (25744/10)/2*15/6?
2, 1609
Let n(z) = 5 - 3 + 0 - 3. Let f(x) = 4*x + 5. Let k(t) = -2*f(t) - 4*n(t). List the prime factors of k(-7).
2, 5
Let b be 6/(42/7)*(-11 - -2). List the prime factors of 87 + (-6)/b + (-2)/(-6).
2, 11
Let j = 3519 - -4022. What are the prime factors of j?
7541
Suppose -4*a - 32*u + 30*u = 10880, 4*a + 10888 = 2*u. Let d = a - -4343. List the prime factors of d.
2, 811
Let h(c) = 4*c**2 - 10*c - 10. Let b = -17 + 26. Suppose b*l - 4*l = -25. List the prime factors of h(l).
2, 5, 7
List the prime factors of (4/5)/((-2)/(-22336)) + 3/5.
5, 1787
Let u be 2*(7/(-6)*-3 + -3). Let w(x) = -u - 10 - 17*x + 16. List the prime factors of w(-10).
5, 7
Let m(z) = -2*z + 68. Let l be m(-17). Let y = l - -86. What are the prime factors of y?
2, 47
Let j = 535 - 315. Suppose 39*t - j = 28*t. What are the prime factors of t?
2, 5
List the prime factors of (-128233)/(-2) + 189/(-126).
5, 12823
Let b be (2 - 16)*(18/12 + -2). Suppose b*i - 1231 = 5363. What are the prime factors of i?
2, 3, 157
Let d = -7 + 12. Let k be 1*-4 + 156 + 494/26. Let j = k + d. What are the prime factors of j?
2, 11
Suppose -427*l + 428*l = 3. Let q(i) = 2*i**3 + 0*i**2 + 4 - 4*i**2 + i**2 + i. List the prime factors of q(l).
2, 17
Suppose -4*d + 2*h + 76015 = -52365, 0 = 4*d - 23*h - 128296. What are the prime factors of d?
3, 13, 823
Suppose -2*n + 6*k = 2*k - 56, -5*n - 3*k + 75 = 0. Suppose 0 = n*y - 19*y + 212. List the prime factors of y.
2, 53
Let w = -45 - -111. Suppose 0 = 3*p - 3*h + w, 0 = -2*p - 5*h - 3 - 27. What are the prime factors of (-980)/(-8)*(-16)/p?
2, 7
Suppose 441 = -5*y - 624. Let q = 4 - y. What are the prime factors of q?
7, 31
Let o(l) = 169*l**2 + 56*l + 359. What are the prime factors of o(-7)?
2, 1031
Let n = 3769 - -12705. What are the prime factors of n?
2, 8237
Suppose -3*a + 178 = -905. Suppose a - 91 = 6*y. What are the prime factors of (y/(-3))/((-3)/18)?
2, 3, 5
Suppose 0 = -3*m + 2*g + 8824, 4*m - 2*g = 8885 + 2879. What are the prime factors of m?
2, 3, 5, 7
Let f = -282 - -313. Suppose -32*i + 598 = -f*i. List the prime factors of i.
2, 13, 23
Let a = 162525 + -84761. What are the prime factors of a?
2, 19441
Suppose -t - 4 = -4*t + 5*h, 0 = t + 5*h - 8. Let u = 0 - -9. What are the prime factors of u/t - (-42 - -3)?
2, 3, 7
What are the prime factors of (-45)/60*(-468776)/33?
2, 7, 761
Let r = -219 - -343. Let m be (0 + -5)*48/5. Let f = m + r. List the prime factors of f.
2, 19
Let q(k) = -21*k**3 - 2*k**2 - 78*k + 33. List the prime factors of q(-7).
2, 17, 113
Let o(s) = s**3 + 11*s**2 + 13*s + 5. Let g be o(-9). Let f = g - 126. Let a = 116 + f. List the prime factors of a.
2, 5
Let a = -10803 + 35670. Suppose 19*m = -8*m + a. List the prime factors of m.
3, 307
Suppose 135*a - 350023 - 5083009 - 1412413 = 0. What are the prime factors of a?
50707
List the prime factors of (30/((-250)/(-25)))/((-3)/(-545)).
5, 109
Let v be 3*(1 + 0/(-1)). Let h be ((-294)/10)/((-3)/30) - -2. Suppose 502 = 3*a + y, 3*a - v*y - 190 = h. List the prime factors of a.
2, 83
Let z(h) = 8*h**2 + 4*h - 20. Let r be z(-10). Suppose -5*q = -3*d - 908, 4*q - r = -d - 0*d. What are the prime factors of q?
2, 23
Let t(o) be the second derivative of -11*o**3/6 + 65*o**2/2 + 2*o + 2. List the prime factors of t(-14).
3, 73
Suppose -5677 = 13*q + 4892. What are the prime factors of q*13/(273/(-14))?
2, 271
Let f = 65 - 11. Let t = 54 - f. Suppose t = k + 13 - 131. What are the prime factors of k?
2, 59
Let c be 4/(-18) - 1532/(-9). Let q = c - 474. What are the prime factors of 5/25 - q/5?
61
Let a(y) = -y**2 + 13*y + 1. Let z = -33 + 38. Suppose -3*r + z*b + 73 = 28, b = 3*r - 33. List the prime factors of a(r).
31
Suppose -5*j = -2*u - 139932, -5*j + 5*u - 6*u = -139914. List the prime factors of j.
2, 3, 11, 53
Let v(t) = -8 + 15*t**2 - 43 + 5*t + 11*t - 8*t**2 - 5*t. List the prime factors of v(8).
5, 97
Let p(s) = 106*s**3 - 14*s**2 - 103*s + 667. List the prime factors of p(6).
22441
Suppose 26872 = 124*m - 35376. List the prime factors of m.
2, 251
What are the prime factors of 2 - (-14578 + (-3 + 2)*-5)?
5, 11, 53
Let n(h) be the second derivative of -h**5/20 - 5*h**4/2 - 2*h**3/3 - 12*h**2 + 8*h. What are the prime factors of n(-30)?
2, 3
Let m(l) = -25*l**2 - 4*l + 4. Let z(f) = 51*f**2 + 7*f - 8. Let o(s) = -7*m(s) - 4*z(s). Let x be o(2). Let d = x - -138. What are the prime factors of d?
2, 13
Let f = 1364 - -33. Suppose -5*v + f = 162. Suppose -i = -2*b + 27 + v, 4*b = -2*i + 548. What are the prime factors of b?
137
Let w(r) = -5*r**2 - 6*r - 1130. Let y be w(0). Let u = -933 - y. What are the prime factors of u?
197
Let b = 34516 - 4219. What are the prime factors of b?
3, 10099
Let h be 51 - (-2)/6*(6 + -3). Let g = h - 47. Suppose -g*v + 41 = a, v + 1 = 2*v. List the prime factors of a.
2, 3
Let n(l) = 223*l + 1355. What are the prime factors of n(16)?
3, 547
Suppose 78 = y + 76. List the prime factors of (y + 22/8)*16.
2, 19
Let t = -670 + 672. Suppose -t = 2*p, -2*g + 4*p = -1140 - 64. What are the prime factors of g?
2, 3, 5
Let n = -1735 + 4681. List the prime factors of n.
2, 3, 491
Let j(c) = -9*c - 14. Suppose 26 = -2*x + 2*v, -4*x + 2*v - 50 = -0*v. Let o be j(x). Suppose 0 = -3*s + 320 + o. List the prime factors of s.
2, 3, 23
Suppose 26*b - 2398 = 1892. Let u = 730 - b. What are the prime factors of u?
5, 113
Suppose -5*p = -15644 + 399. List the prime factors of p.
3049
Let j be (-2)/(-11) - (1956/(-132) + 7). List the prime factors of 0 + 26824/64 - 1/j.
419
Let q(w) = -170*w**2. Let f = 69 - 68. Let d be q(f). Let r = d - -253. List the prime factors of r.
83
What are the prime factors of (168/(-154) + (-4444)/363)*(2 - 3041)?
2, 5, 1013
Let p be (-2)/(-6) + 228/(-36). List the prime factors of p/((-2)/(424/6)).
2, 53
What are the prime factors of 1801*4 + (-212)/(-424) + 14/4?
2, 17, 53
Let v be (-34)/(-17) - (-3)/1. Suppose v*q + 3*h - 4153 = 0, 4*h = 10*q - 15*q + 4149. What are the prime factors of q?
7, 17
Suppose 0 = 3*w + 3*m - 6*m + 15, -4*m + 13 = -3*w. List the prime factors of (-8 - w)/((-3)/1866).
2, 311
Suppose 5*r - 46 = -3*a - 4, -5*a - 10 = -5*r. Let x(f) be the second derivative of f**4/12 - f**3/2 + 15*f**2/2 + f. What are the prime factors of x(r)?
3, 11
Let g(a) = -3*a - 4. Let f be g(-2). Suppose -3*n = 4*p - 13 - 9, 0 = -f*p - 4*n + 6. Suppose p = 2*l - 105. What are the prime factors of l?
2, 7
Let h = 97 - 91. Let m be h/5*20/6. Suppose -m*f - j = -123, -3*j = -2*f - 4*j + 63. What are the prime factors of f?
2, 3, 5
Let w(u) = -u + 3. Let n be w(8). Let t(p) be the third derivative of p**6/120 + p**5/6 + p**4/8 - 3*p**3/2 - 8*p**2 - 3*p. List the prime factors of t(n).
101
Let r be (3/1 - -1)/(0 - -2). Suppose 3*z - 3772 = -r*d, -4*z + 4*d = 1112 - 6128. List the prime factors of ((-8)/((-128)/z))/((-2)/(-4)).
157
Let b(g) = -g**3 + 24*g**2 + 24*g - 8. Let q be b(15). Suppose -3*s + q + 95 = 0. What are the prime factors of s?
2, 103
Let p(z) = 223*z - 76. Let d be p(-12). Let l = -1914 - d. What are the prime factors of l?
2, 419
Suppose 0 = -t + 3*h + 461, 5*t -